digit of 444041?
1
What is the hundred thousands digit of 1537017?
5
What is the hundred thousands digit of 1132748?
1
What is the hundreds digit of 251678?
6
What is the tens digit of 672957?
5
What is the thousands digit of 3811805?
1
What is the hundreds digit of 344851?
8
What is the thousands digit of 63727?
3
What is the ten thousands digit of 594706?
9
What is the units digit of 241684?
4
What is the ten thousands digit of 2574243?
7
What is the hundreds digit of 88289?
2
What is the units digit of 4755194?
4
What is the units digit of 1016100?
0
What is the hundreds digit of 617665?
6
What is the units digit of 311253?
3
What is the tens digit of 11664220?
2
What is the hundreds digit of 59724?
7
What is the units digit of 860908?
8
What is the ten thousands digit of 1710532?
1
What is the hundred thousands digit of 2648165?
6
What is the hundred thousands digit of 776280?
7
What is the hundreds digit of 214330?
3
What is the hundred thousands digit of 543528?
5
What is the units digit of 2238388?
8
What is the ten thousands digit of 1715233?
1
What is the tens digit of 1252186?
8
What is the tens digit of 27156945?
4
What is the thousands digit of 1344866?
4
What is the millions digit of 7775453?
7
What is the ten thousands digit of 1660879?
6
What is the hundreds digit of 1043724?
7
What is the tens digit of 1931948?
4
What is the tens digit of 4555575?
7
What is the ten thousands digit of 176738?
7
What is the hundred thousands digit of 156214?
1
What is the millions digit of 12054548?
2
What is the thousands digit of 7180817?
0
What is the millions digit of 19791318?
9
What is the units digit of 1540557?
7
What is the ten millions digit of 14846092?
1
What is the hundred thousands digit of 143983?
1
What is the thousands digit of 3234516?
4
What is the ten thousands digit of 282350?
8
What is the tens digit of 231963?
6
What is the thousands digit of 436526?
6
What is the hundred thousands digit of 560030?
5
What is the hundred thousands digit of 320608?
3
What is the hundred thousands digit of 1307899?
3
What is the thousands digit of 5868293?
8
What is the hundred thousands digit of 294007?
2
What is the hundreds digit of 1467960?
9
What is the units digit of 205240?
0
What is the hundred thousands digit of 5056977?
0
What is the tens digit of 320764?
6
What is the hundred thousands digit of 17944793?
9
What is the millions digit of 1922170?
1
What is the tens digit of 172559?
5
What is the tens digit of 11945442?
4
What is the hundreds digit of 3913785?
7
What is the tens digit of 7251431?
3
What is the tens digit of 12783064?
6
What is the tens digit of 443120?
2
What is the ten thousands digit of 31684396?
8
What is the thousands digit of 15781252?
1
What is the ten millions digit of 15777480?
1
What is the hundred thousands digit of 3687584?
6
What is the hundreds digit of 764472?
4
What is the thousands digit of 750055?
0
What is the ten thousands digit of 245438?
4
What is the ten thousands digit of 46577?
4
What is the thousands digit of 9029764?
9
What is the ten thousands digit of 1893196?
9
What is the ten thousands digit of 19626061?
2
What is the tens digit of 2138379?
7
What is the ten thousands digit of 537807?
3
What is the hundred thousands digit of 2928504?
9
What is the millions digit of 1997144?
1
What is the hundreds digit of 4856517?
5
What is the hundreds digit of 9546195?
1
What is the hundreds digit of 217035?
0
What is the hundreds digit of 11546082?
0
What is the thousands digit of 1800988?
0
What is the tens digit of 225974?
7
What is the hundred thousands digit of 1243959?
2
What is the ten millions digit of 13436863?
1
What is the thousands digit of 628952?
8
What is the hundred thousands digit of 2671520?
6
What is the ten thousands digit of 23747259?
4
What is the hundred thousands digit of 35544992?
5
What is the thousands digit of 223228?
3
What is the hundreds digit of 5869052?
0
What is the hundred thousands digit of 1641754?
6
What is the thousands digit of 17237?
7
What is the hundred thousands digit of 1209562?
2
What is the millions digit of 2339804?
2
What is the thousands digit of 15162867?
2
What is the tens digit of 774704?
0
What is the thousands digit of 23068429?
8
What is the hundred thousands digit of 6543104?
5
What is the tens digit of 552339?
3
What is the hundreds digit of 2164442?
4
What is the ten thousands digit of 5120375?
2
What is the thousands digit of 81542?
1
What is the millions digit of 3775272?
3
What is the hundreds digit of 9757518?
5
What is the units digit of 7475899?
9
What is the hundred thousands digit of 8972043?
9
What is the units digit of 13208985?
5
What is the tens digit of 11687587?
8
What is the hundred thousands digit of 2306247?
3
What is the thousands digit of 37649?
7
What is the tens digit of 8589953?
5
What is the units digit of 1174886?
6
What is the hundreds digit of 3627123?
1
What is the hundreds digit of 1190351?
3
What is the ten thousands digit of 265551?
6
What is the tens digit of 905106?
0
What is the tens digit of 80930?
3
What is the hundred thousands digit of 798965?
7
What is the thousands digit of 8157253?
7
What is the ten millions digit of 35867670?
3
What is the units digit of 22661093?
3
What is the hundred thousands digit of 269652?
2
What is the thousands digit of 4951929?
1
What is the ten thousands digit of 706988?
0
What is the thousands digit of 73812?
3
What is the units digit of 506367?
7
What is the units digit of 227646?
6
What is the hundreds digit of 7116181?
1
What is the tens digit of 3716199?
9
What is the thousands digit of 32772682?
2
What is the ten thousands digit of 1269608?
6
What is the units digit of 1269685?
5
What is the hundreds digit of 14719341?
3
What is the hundred thousands digit of 677323?
6
What is the thousands digit of 340122?
0
What is the tens digit of 3697909?
0
What is the thousands digit of 1945372?
5
What is the thousands digit of 315070?
5
What is the units digit of 16640648?
8
What is the thousands digit of 19330229?
0
What is the ten thousands digit of 25035297?
3
What is the millions digit of 4021859?
4
What is the hundred thousands digit of 388614?
3
What is the thousands digit of 2429523?
9
What is the thousands digit of 70754?
0
What is the hundred thousands digit of 408161?
4
What is the thousands digit of 849516?
9
What is the hundred thousands digit of 371260?
3
What is the units digit of 13869751?
1
What is the hundreds digit of 85522?
5
What is the units digit of 17539864?
4
What is the thousands digit of 265678?
5
What is the units digit of 8408333?
3
What is the units digit of 4413629?
9
What is the hundreds digit of 553823?
8
What is the thousands digit of 3891696?
1
What is the units digit of 3695267?
7
What is the hundred thousands digit of 505550?
5
What is the units digit of 108157?
7
What is the ten millions digit of 13468753?
1
What is the hundreds digit of 139247?
2
What is the hundreds digit of 7729841?
8
What is the hundreds digit of 237171?
1
What is the tens digit of 87966?
6
What is the ten thousands digit of 2912515?
1
What is the hundred thousands digit of 16943388?
9
What is the ten millions digit of 12848470?
1
What is the thousands digit of 296493?
6
What is the hundreds digit of 27928?
9
What is the hundred thousands digit of 4079230?
0
What is the hundreds digit of 1142778?
7
What is the hundreds digit of 5564424?
4
What is the hundreds digit of 996744?
7
What is the ten thousands digit of 63746?
6
What is the ten thousands digit of 19001?
1
What is the units digit of 4491080?
0
What is the thousands digit of 9902428?
2
What is the units digit of 6574315?
5
What is the units digit of 369855?
5
What is the units digit of 28528501?
1
What is the units digit of 1646932?
2
What is the thousands digit of 1188490?
8
What is the units digit of 1131620?
0
What is the units digit of 8786279?
9
What is the ten thousands digit of 3577717?
7
What is the hundreds digit of 440054?
0
What is the hundreds digit of 625596?
5
What is the hundred thousands digit of 245174?
2
What is the units digit of 15845382?
2
What is the thousands digit of 159209?
9
What is the thousands digit of 2030058?
0
What is the ten thousands digit of 16189?
1
What is the hundreds digit of 